{"id":25946,"date":"2023-03-22T11:42:47","date_gmt":"2023-03-22T11:42:47","guid":{"rendered":"https:\/\/fssj.es\/politica-de-redes-sociales\/"},"modified":"2023-05-22T12:57:40","modified_gmt":"2023-05-22T12:57:40","slug":"politica-de-redes-sociales","status":"publish","type":"page","link":"https:\/\/fssj.es\/es\/politica-de-redes-sociales\/","title":{"rendered":"Pol\u00edtica de Redes Sociales"},"content":{"rendered":"\t\t<div data-elementor-type=\"wp-page\" data-elementor-id=\"25946\" class=\"elementor elementor-25946 elementor-24988\" data-elementor-post-type=\"page\">\n\t\t\t\t\t\t<section class=\"elementor-section elementor-top-section elementor-element elementor-element-a2ec18c elementor-section-boxed elementor-section-height-default elementor-section-height-default sc_fly_static\" data-id=\"a2ec18c\" data-element_type=\"section\" data-e-type=\"section\" data-settings=\"{&quot;background_background&quot;:&quot;classic&quot;}\">\n\t\t\t\t\t\t<div class=\"elementor-container elementor-column-gap-extended\">\n\t\t\t\t\t<div class=\"elementor-column elementor-col-100 elementor-top-column elementor-element elementor-element-e4f67bc sc_inner_width_none sc_content_align_inherit sc_layouts_column_icons_position_left sc_fly_static\" data-id=\"e4f67bc\" data-element_type=\"column\" data-e-type=\"column\">\n\t\t\t<div class=\"elementor-widget-wrap elementor-element-populated\">\n\t\t\t\t\t\t<div class=\"elementor-element elementor-element-fc87c00 sc_fly_static elementor-widget elementor-widget-text-editor\" data-id=\"fc87c00\" data-element_type=\"widget\" data-e-type=\"widget\" data-widget_type=\"text-editor.default\">\n\t\t\t\t<div class=\"elementor-widget-container\">\n\t\t\t\t\t\t\t\t\t<h5>1. Informaci\u00f3n sobre el responsable del tratamiento de los datos alojados a la p\u00e1gina oficial de FUNDACI\u00d3 SANITARIA SANT JOSEP, en la red social<\/h5>\n<p>De conformidad al deber informaci\u00f3n establecido en el Reglamento (UE) 2016\/679 de 27 de abril (GDPR) y la Ley Org\u00e1nica 3\/2018, de 5 de diciembre (LOPDGDD), <strong>FUNDACI\u00d3 SANIT\u00c0RIA SANT JOSEP<\/strong>, en adelante, el <strong>RESPONSABLE<\/strong> desea poner en conocimiento de los usuarios de esta red social la pol\u00edtica respecto del tratamiento y protecci\u00f3n de los datos de car\u00e1cter personal de aquellas personas que voluntariamente acceden y utilizan la p\u00e1gina oficial del <strong>RESPONSABLE<\/strong>, en la misma. El acceso y uso para el usuario de esta p\u00e1gina oficial del <strong>RESPONSABLE<\/strong>, supone que acepta expresamente esta pol\u00edtica de privacidad y que presta su consentimiento para el tratamiento de sus datos personales seg\u00fan el que prev\u00e9 la misma.<\/p>\n<h5>2. Datos de menores de edad o incapaces<\/h5>\n<p>El acceso y registro en esta red social est\u00e1 prohibido a los menores de catorce (14) a\u00f1os, de forma que igualmente queda prohibido el acceso y uso de los menores de catorce (14 a\u00f1os) a la p\u00e1gina oficial del <strong>RESPONSABLE<\/strong>, en la misma. Por su lado, si el usuario es incapaz, el <strong>RESPONSABLE<\/strong>, advierte que ser\u00e1 necesaria la asistencia consentida del titular de la patria potestad o tutela del usuario o su representante legal para el acceso y uso de esta p\u00e1gina oficial del <strong>RESPONSABLE<\/strong>.<\/p>\n<p>El <strong>RESPONSABLE<\/strong>, quedar\u00e1 expresamente exonerado de cualquier responsabilidad que pudiera derivar del uso de su p\u00e1gina oficial para menores y incapaces sindo esta responsabilidad de sus representantes legales en cada caso.<\/p>\n<h5>3. Identificaci\u00f3n de la raz\u00f3n social del responsable del fichero<\/h5>\n<p>El usuario queda informado que el <strong>RESPONSABLE<\/strong>, con domicilio social en <strong>C\/ Carme Verdaguer, 54 -08700 Igualada (Barcelona)<\/strong>, ostenta la condici\u00f3n de responsable de los ficheros y tratamientos a trav\u00e9s de los cuales se recogen y almacenan los datos personales del usuario como consecuencia del registro y uso de la p\u00e1gina oficial del <strong>RESPONSABLE<\/strong>, en esta red social, sin perjuicio de los tratamientos de los que es responsable la entidad titular de la red social en que se encuentra nuestra p\u00e1gina oficial.<\/p>\n<h5>4. Finalidades a que se destinan los datos de car\u00e1cter personal, informaci\u00f3n y consentimiento<\/h5>\n<p>Los datos personales proporcionados voluntariamente por el usuario al <strong>RESPONSABLE<\/strong>, a trav\u00e9s de su p\u00e1gina oficial formar\u00e1n parte de un tratamiento de datos responsabilidad del <strong>RESPONSABLE<\/strong>, con la finalidad de ofrecer informaci\u00f3n del <strong>RESPONSABLE<\/strong>, por correo electr\u00f3nico, fax, SMS, comunidades sociales o cualesquiera otro medio electr\u00f3nico o f\u00edsico, presente o futuro, que posibilite realizar comunicaci\u00f3n comerciales, env\u00edo de newsletter a aquellos usuarios que se subscriban, intercambiar informaci\u00f3n con el <strong>RESPONSABLE<\/strong>, y otros usuarios y establecer comunicaci\u00f3n con terceros.<\/p>\n<p>El usuario es libre de utilizar la p\u00e1gina oficial del <strong>RESPONSABLE<\/strong>, en esta red social, de manera que en caso que el usuario no est\u00e9 de acuerdo con el tratamiento de sus datos con estas finalidades, no tiene que utilizar ni proporcionar sus datos personales.<\/p>\n<p>A trav\u00e9s de esta p\u00e1gina oficial del <strong>RESPONSABLE,<\/strong> el usuario puede compartir textos , fotos , videos y otro tipo de informaci\u00f3n y \/ o contenidos que estar\u00e1n sujetos tanto a la presente pol\u00edtica como las Normas y Condiciones de la Plataforma. El usuario ser\u00e1 responsable de que todos los contenidos que publique respeten la legislaci\u00f3n vigente, la presente pol\u00edtica y las Normas de la Plataforma.<\/p>\n<p>El usuario \u00fanicamente podr\u00e1 publicar en esta p\u00e1gina oficial del <strong>RESPONSABLE<\/strong>, datos personales, fotograf\u00edas e informaciones o otros contenidos la titularidad y propiedad li pertenezcan o respecto de los cuales tenga la autorizaci\u00f3n de terceros.<\/p>\n<p>El <strong>RESPONSABLE<\/strong>, tendr\u00e1 derecho a eliminar de esta p\u00e1gina oficial &#8211; de forma unilateral y sin previa comunicaci\u00f3n ni autorizaci\u00f3n del usuario- cualesquier contenidos publicados por el usuario cuando el usuario infrinja o vulnere la legislaci\u00f3n vigente, las normas establecidas en esta pol\u00edtica y las Normas de la Plataforma.<\/p>\n<h5>5. Identificaci\u00f3n de los destinatarios respecto de los cuales el RESPONSABLE tenga previsto la realizaci\u00f3n de cesiones o comunicaciones de datos<\/h5>\n<p>Se advierte al usuario que toda la informaci\u00f3n y contenidos que publique en la p\u00e1gina oficial del <strong>RESPONSABLE<\/strong>, en la red social podr\u00e1 ser conocida por los restantes usuarios de la p\u00e1gina oficial y de la plataforma de red social En consecuencia, toda la informaci\u00f3n y contenidos publicados por el usuario en la p\u00e1gina oficial del <strong>RESPONSABLE<\/strong>, en esta red social ser\u00e1 objeto de comunicaci\u00f3n del resto de los usuarios por la propia naturaleza del servicio.<\/p>\n<p><strong>El RESPONSABLE<\/strong>, \u00fanicamente tiene prevista la realizaci\u00f3n de cesiones o comunicaciones de datos que por raz\u00f3n de la normativa vigente tenga que realizar a jueces, tribunales, administraciones p\u00fablicas y autoridades competentes de car\u00e1cter administrativo.<\/p>\n<h5>6 . Otros terceros prestadores de servicios<\/h5>\n<p>El <strong>RESPONSABLE<\/strong>, advierte el usuario que esta entidad solo es responsable y garantiza la confidencialidad, seguridad y tratamiento de los datos de acuerdo con la presente pol\u00edtica, respecto de los datos de car\u00e1cter personal que recoja el usuario a trav\u00e9s de la presente p\u00e1gina oficial en esta red social, no teniendo ning\u00fan tipo de responsabilidad respecto de los tratamientos y posteriores utilizaciones de los datos personales que se puedan efectuar tanto por el titular de la red social como por terceros prestamistas de servicios de la sociedad de la informaci\u00f3n que pudieran acceder a estos datos por raz\u00f3n de la prestaci\u00f3n de sus servicios o ejercicio de su actividad, terceros que establezcan hiperenlaces en la red social, ni de aquellos responsables a quienes a trav\u00e9s de hiperenlaces el <strong>RESPONSABLE<\/strong>, remite a los usuarios adheridos a la presente p\u00e1gina oficial.<\/p>\n<h5>7 . Calidad de los datos<\/h5>\n<p>El <strong>RESPONSABLE<\/strong>, advierte el usuario que, quitado la existencia de una representaci\u00f3n legalmente constituida , ning\u00fan usuario puede utilizar la identidad de otra persona y comunicar sus datos personales, de forma que el usuario en todo momento tendr\u00e1 que tener en cuenta que solo puede proporcionar datos personales correspondientes a su propia identidad y que sean adecuadas, pertinentes, actuales, exactas y verdaderas. En cualquier caso, el usuario tendr\u00e1 que respetar la privacidad de terceros, sean estos usuarios o no de la red social o de la p\u00e1gina oficial del <strong>RESPONSABLE<\/strong>, en la misma.<\/p>\n<h5>8 . Derechos que asisten al Interesado<\/h5>\n<p>Derecho a retirar el consentimiento en cualquier momento.Derecho de acceso, rectificaci\u00f3n, portabilidad y supresi\u00f3n de sus datos y a la limitaci\u00f3n u oposici\u00f3n a su tratamiento.Derecho a presentar una reclamaci\u00f3n ante la Autoridad de control (www.aepd.es.) si considera que el tratamiento no se ajusta a la normativa vigente.<\/p>\n<h5>9 . Otra informaci\u00f3n de inter\u00e9s<\/h5>\n<p>El <strong>RESPONSABLE<\/strong>, podr\u00e1 modificar y \/ o sustituir en cualquier momento la presente pol\u00edtica que, seg\u00fan los casos, sustituir\u00e1, completar\u00e1 y\/o modificar\u00e1 la actualmente publicada aqu\u00ed recogida. Por eso el usuario tendr\u00e1 que acceder peri\u00f3dicamente a estas para mantener actualizado .<\/p>\n<p>El usuario puede contactar con el <strong>RESPONSABLE<\/strong>, mediante el servicio de mensajer\u00eda interna de la red social o a trav\u00e9s de las siguientes direcciones y datos de contacto:<\/p>\n<p><strong>FUNDACI\u00d3 SANIT\u00c0RIA SANT JOSEP<\/strong><\/p>\n<p>lopd@fssj.es<\/p>\n<p>As\u00ed mismo el usuario puede consultar las normas y pol\u00edticas publicadas por el titular de la red social para el uso de la misma.<\/p>\n\t\t\t\t\t\t\t\t<\/div>\n\t\t\t\t<\/div>\n\t\t\t\t\t<\/div>\n\t\t<\/div>\n\t\t\t\t\t<\/div>\n\t\t<\/section>\n\t\t\t\t<section class=\"elementor-section elementor-top-section elementor-element elementor-element-1ce0fbce elementor-section-boxed elementor-section-height-default elementor-section-height-default sc_fly_static\" data-id=\"1ce0fbce\" data-element_type=\"section\" data-e-type=\"section\">\n\t\t\t\t\t\t<div class=\"elementor-container elementor-column-gap-extended\">\n\t\t\t\t\t<div class=\"elementor-column elementor-col-100 elementor-top-column elementor-element elementor-element-71737124 sc_inner_width_none sc_content_align_inherit sc_layouts_column_icons_position_left sc_fly_static\" data-id=\"71737124\" data-element_type=\"column\" data-e-type=\"column\">\n\t\t\t<div class=\"elementor-widget-wrap elementor-element-populated\">\n\t\t\t\t\t\t<div class=\"elementor-element elementor-element-653057c1 sc_fly_static elementor-widget elementor-widget-spacer\" data-id=\"653057c1\" data-element_type=\"widget\" data-e-type=\"widget\" data-widget_type=\"spacer.default\">\n\t\t\t\t<div class=\"elementor-widget-container\">\n\t\t\t\t\t\t\t<div class=\"elementor-spacer\">\n\t\t\t<div class=\"elementor-spacer-inner\"><\/div>\n\t\t<\/div>\n\t\t\t\t\t\t<\/div>\n\t\t\t\t<\/div>\n\t\t\t\t\t<\/div>\n\t\t<\/div>\n\t\t\t\t\t<\/div>\n\t\t<\/section>\n\t\t\t\t<\/div>\n\t\t","protected":false},"excerpt":{"rendered":"<p>1. Informaci\u00f3n sobre el responsable del tratamiento de los datos alojados a la p\u00e1gina oficial de FUNDACI\u00d3 SANITARIA SANT JOSEP, en la red social De conformidad al deber informaci\u00f3n establecido&hellip;<\/p>\n","protected":false},"author":1,"featured_media":0,"parent":0,"menu_order":0,"comment_status":"closed","ping_status":"closed","template":"","meta":{"footnotes":""},"class_list":["post-25946","page","type-page","status-publish","hentry"],"_links":{"self":[{"href":"https:\/\/fssj.es\/es\/wp-json\/wp\/v2\/pages\/25946","targetHints":{"allow":["GET"]}}],"collection":[{"href":"https:\/\/fssj.es\/es\/wp-json\/wp\/v2\/pages"}],"about":[{"href":"https:\/\/fssj.es\/es\/wp-json\/wp\/v2\/types\/page"}],"author":[{"embeddable":true,"href":"https:\/\/fssj.es\/es\/wp-json\/wp\/v2\/users\/1"}],"replies":[{"embeddable":true,"href":"https:\/\/fssj.es\/es\/wp-json\/wp\/v2\/comments?post=25946"}],"version-history":[{"count":0,"href":"https:\/\/fssj.es\/es\/wp-json\/wp\/v2\/pages\/25946\/revisions"}],"wp:attachment":[{"href":"https:\/\/fssj.es\/es\/wp-json\/wp\/v2\/media?parent=25946"}],"curies":[{"name":"wp","href":"https:\/\/api.w.org\/{rel}","templated":true}]}}

Política de Redes Sociales

<div data-elementor-type="wp-page" data-elementor-id="25946" class="elementor elementor-25946 elementor-24988" data-elementor-post-type="page">
						<section class="elementor-section elementor-top-section elementor-element elementor-element-a2ec18c elementor-section-boxed elementor-section-height-default elementor-section-height-default sc_fly_static" data-id="a2ec18c" data-element_type="section" data-e-type="section" data-settings="{&quot;background_background&quot;:&quot;classic&quot;}">
						<div class="elementor-container elementor-column-gap-extended">
					<div class="elementor-column elementor-col-100 elementor-top-column elementor-element elementor-element-e4f67bc sc_inner_width_none sc_content_align_inherit sc_layouts_column_icons_position_left sc_fly_static" data-id="e4f67bc" data-element_type="column" data-e-type="column">
			<div class="elementor-widget-wrap elementor-element-populated">
						<div class="elementor-element elementor-element-fc87c00 sc_fly_static elementor-widget elementor-widget-text-editor" data-id="fc87c00" data-element_type="widget" data-e-type="widget" data-widget_type="text-editor.default">
				<div class="elementor-widget-container">
									<h5>1. Información sobre el responsable del tratamiento de los datos alojados a la página oficial de FUNDACIÓ SANITARIA SANT JOSEP, en la red social</h5>
<p>De conformidad al deber información establecido en el Reglamento (UE) 2016/679 de 27 de abril (GDPR) y la Ley Orgánica 3/2018, de 5 de diciembre (LOPDGDD), <strong>FUNDACIÓ SANITÀRIA SANT JOSEP</strong>, en adelante, el <strong>RESPONSABLE</strong> desea poner en conocimiento de los usuarios de esta red social la política respecto del tratamiento y protección de los datos de carácter personal de aquellas personas que voluntariamente acceden y utilizan la página oficial del <strong>RESPONSABLE</strong>, en la misma. El acceso y uso para el usuario de esta página oficial del <strong>RESPONSABLE</strong>, supone que acepta expresamente esta política de privacidad y que presta su consentimiento para el tratamiento de sus datos personales según el que prevé la misma.</p>
<h5>2. Datos de menores de edad o incapaces</h5>
<p>El acceso y registro en esta red social está prohibido a los menores de catorce (14) años, de forma que igualmente queda prohibido el acceso y uso de los menores de catorce (14 años) a la página oficial del <strong>RESPONSABLE</strong>, en la misma. Por su lado, si el usuario es incapaz, el <strong>RESPONSABLE</strong>, advierte que será necesaria la asistencia consentida del titular de la patria potestad o tutela del usuario o su representante legal para el acceso y uso de esta página oficial del <strong>RESPONSABLE</strong>.</p>
<p>El <strong>RESPONSABLE</strong>, quedará expresamente exonerado de cualquier responsabilidad que pudiera derivar del uso de su página oficial para menores y incapaces sindo esta responsabilidad de sus representantes legales en cada caso.</p>
<h5>3. Identificación de la razón social del responsable del fichero</h5>
<p>El usuario queda informado que el <strong>RESPONSABLE</strong>, con domicilio social en <strong>C/ Carme Verdaguer, 54 -08700 Igualada (Barcelona)</strong>, ostenta la condición de responsable de los ficheros y tratamientos a través de los cuales se recogen y almacenan los datos personales del usuario como consecuencia del registro y uso de la página oficial del <strong>RESPONSABLE</strong>, en esta red social, sin perjuicio de los tratamientos de los que es responsable la entidad titular de la red social en que se encuentra nuestra página oficial.</p>
<h5>4. Finalidades a que se destinan los datos de carácter personal, información y consentimiento</h5>
<p>Los datos personales proporcionados voluntariamente por el usuario al <strong>RESPONSABLE</strong>, a través de su página oficial formarán parte de un tratamiento de datos responsabilidad del <strong>RESPONSABLE</strong>, con la finalidad de ofrecer información del <strong>RESPONSABLE</strong>, por correo electrónico, fax, SMS, comunidades sociales o cualesquiera otro medio electrónico o físico, presente o futuro, que posibilite realizar comunicación comerciales, envío de newsletter a aquellos usuarios que se subscriban, intercambiar información con el <strong>RESPONSABLE</strong>, y otros usuarios y establecer comunicación con terceros.</p>
<p>El usuario es libre de utilizar la página oficial del <strong>RESPONSABLE</strong>, en esta red social, de manera que en caso que el usuario no esté de acuerdo con el tratamiento de sus datos con estas finalidades, no tiene que utilizar ni proporcionar sus datos personales.</p>
<p>A través de esta página oficial del <strong>RESPONSABLE,</strong> el usuario puede compartir textos , fotos , videos y otro tipo de información y / o contenidos que estarán sujetos tanto a la presente política como las Normas y Condiciones de la Plataforma. El usuario será responsable de que todos los contenidos que publique respeten la legislación vigente, la presente política y las Normas de la Plataforma.</p>
<p>El usuario únicamente podrá publicar en esta página oficial del <strong>RESPONSABLE</strong>, datos personales, fotografías e informaciones o otros contenidos la titularidad y propiedad li pertenezcan o respecto de los cuales tenga la autorización de terceros.</p>
<p>El <strong>RESPONSABLE</strong>, tendrá derecho a eliminar de esta página oficial &#8211; de forma unilateral y sin previa comunicación ni autorización del usuario- cualesquier contenidos publicados por el usuario cuando el usuario infrinja o vulnere la legislación vigente, las normas establecidas en esta política y las Normas de la Plataforma.</p>
<h5>5. Identificación de los destinatarios respecto de los cuales el RESPONSABLE tenga previsto la realización de cesiones o comunicaciones de datos</h5>
<p>Se advierte al usuario que toda la información y contenidos que publique en la página oficial del <strong>RESPONSABLE</strong>, en la red social podrá ser conocida por los restantes usuarios de la página oficial y de la plataforma de red social En consecuencia, toda la información y contenidos publicados por el usuario en la página oficial del <strong>RESPONSABLE</strong>, en esta red social será objeto de comunicación del resto de los usuarios por la propia naturaleza del servicio.</p>
<p><strong>El RESPONSABLE</strong>, únicamente tiene prevista la realización de cesiones o comunicaciones de datos que por razón de la normativa vigente tenga que realizar a jueces, tribunales, administraciones públicas y autoridades competentes de carácter administrativo.</p>
<h5>6 . Otros terceros prestadores de servicios</h5>
<p>El <strong>RESPONSABLE</strong>, advierte el usuario que esta entidad solo es responsable y garantiza la confidencialidad, seguridad y tratamiento de los datos de acuerdo con la presente política, respecto de los datos de carácter personal que recoja el usuario a través de la presente página oficial en esta red social, no teniendo ningún tipo de responsabilidad respecto de los tratamientos y posteriores utilizaciones de los datos personales que se puedan efectuar tanto por el titular de la red social como por terceros prestamistas de servicios de la sociedad de la información que pudieran acceder a estos datos por razón de la prestación de sus servicios o ejercicio de su actividad, terceros que establezcan hiperenlaces en la red social, ni de aquellos responsables a quienes a través de hiperenlaces el <strong>RESPONSABLE</strong>, remite a los usuarios adheridos a la presente página oficial.</p>
<h5>7 . Calidad de los datos</h5>
<p>El <strong>RESPONSABLE</strong>, advierte el usuario que, quitado la existencia de una representación legalmente constituida , ningún usuario puede utilizar la identidad de otra persona y comunicar sus datos personales, de forma que el usuario en todo momento tendrá que tener en cuenta que solo puede proporcionar datos personales correspondientes a su propia identidad y que sean adecuadas, pertinentes, actuales, exactas y verdaderas. En cualquier caso, el usuario tendrá que respetar la privacidad de terceros, sean estos usuarios o no de la red social o de la página oficial del <strong>RESPONSABLE</strong>, en la misma.</p>
<h5>8 . Derechos que asisten al Interesado</h5>
<p>Derecho a retirar el consentimiento en cualquier momento.Derecho de acceso, rectificación, portabilidad y supresión de sus datos y a la limitación u oposición a su tratamiento.Derecho a presentar una reclamación ante la Autoridad de control (www.aepd.es.) si considera que el tratamiento no se ajusta a la normativa vigente.</p>
<h5>9 . Otra información de interés</h5>
<p>El <strong>RESPONSABLE</strong>, podrá modificar y / o sustituir en cualquier momento la presente política que, según los casos, sustituirá, completará y/o modificará la actualmente publicada aquí recogida. Por eso el usuario tendrá que acceder periódicamente a estas para mantener actualizado .</p>
<p>El usuario puede contactar con el <strong>RESPONSABLE</strong>, mediante el servicio de mensajería interna de la red social o a través de las siguientes direcciones y datos de contacto:</p>
<p><strong>FUNDACIÓ SANITÀRIA SANT JOSEP</strong></p>
<p>lopd@fssj.es</p>
<p>Así mismo el usuario puede consultar las normas y políticas publicadas por el titular de la red social para el uso de la misma.</p>
								</div>
				</div>
					</div>
		</div>
					</div>
		</section>
				<section class="elementor-section elementor-top-section elementor-element elementor-element-1ce0fbce elementor-section-boxed elementor-section-height-default elementor-section-height-default sc_fly_static" data-id="1ce0fbce" data-element_type="section" data-e-type="section">
						<div class="elementor-container elementor-column-gap-extended">
					<div class="elementor-column elementor-col-100 elementor-top-column elementor-element elementor-element-71737124 sc_inner_width_none sc_content_align_inherit sc_layouts_column_icons_position_left sc_fly_static" data-id="71737124" data-element_type="column" data-e-type="column">
			<div class="elementor-widget-wrap elementor-element-populated">
						<div class="elementor-element elementor-element-653057c1 sc_fly_static elementor-widget elementor-widget-spacer" data-id="653057c1" data-element_type="widget" data-e-type="widget" data-widget_type="spacer.default">
				<div class="elementor-widget-container">
							<div class="elementor-spacer">
			<div class="elementor-spacer-inner"></div>
		</div>
						</div>
				</div>
					</div>
		</div>
					</div>
		</section>
				</div>

<p>1. Información sobre el responsable del tratamiento de los datos alojados a la página oficial de FUNDACIÓ SANITARIA SANT JOSEP, en la red social De conformidad al deber información establecido&hellip;</p>
